 + 2169. Let m be r(180). What is the greatest common divisor of m and 126?
9
Let s(t) be the third derivative of -t**4/12 - 23*t**3/6 + 40*t**2 - t. Let p be s(-18). Calculate the greatest common factor of p and 923.
13
Let y be (-104)/((-28)/42*1). What is the greatest common divisor of 66 and y?
6
Suppose 0 = 263*z - 258*z + 4*q - 602, 0 = -3*z + 4*q + 342. What is the highest common divisor of 3599 and z?
59
Let g(a) = -4*a**3 + 6*a**2 - 4*a - 4. Let q be g(2). Let r = q + 62. Suppose 3*y = 3*u - 186, -5*y + 3 = -2. What is the highest common factor of r and u?
21
Let q(z) = 2*z**2 + 3*z - 84. Let h be q(20). Let b be h/3 + 2/(-3). Calculate the greatest common divisor of 172 and b.
86
Let s = 442 + -109. Let d = s + -4. What is the greatest common factor of d and 94?
47
Let a(n) be the second derivative of n**5/20 + 29*n**4/12 - 5*n**3/6 - n**2/2 + 27*n + 2. Let z be a(-29). What is the highest common factor of 80 and z?
16
Suppose -47*c = -94*c + 10199. Suppose 0 = -j + 2*r + 13, 8*j - 4*j = -3*r + 19. Calculate the highest common factor of c and j.
7
Suppose 0 = 62*w - 55*w - 21. Suppose 3 + 0 = w*p. Let z be 4 + (-2 - p - -3). Calculate the highest common factor of z and 116.
4
Let l = 5949 + -5494. What is the highest common divisor of l and 210?
35
Let n be ((-1)/(-3))/((-1)/(-75)). Suppose 3*k + 124 = 4*f, 0 = -2*k + f + 2*f - 82. Let p = k - -54. What is the greatest common divisor of p and n?
5
Let m(r) = -r + 60. Let z be m(0). Suppose -303*t + 756 = -296*t. Let s be (t/z)/(3/10). What is the greatest common factor of 54 and s?
6
Let b(f) = -f**3 - 29*f**2 + 34*f + 130. Let j be b(-30). Suppose -11*d + 32 = -j*d. What is the highest common divisor of d and 72?
8
Let k(y) = y + 10. Let i be k(-12). Let a be 0 - (-2 + i) - 14. Let f be 66/((2/12)/(a/(-90))). What is the greatest common divisor of f and 484?
44
Let k be (544/(-51))/(2/(-12)). Suppose k*j - 54*j = 80. What is the greatest common factor of 208 and j?
8
Let w(b) = 7*b**2 + 627*b - 260. Let m be w(-91). Calculate the highest common factor of m and 416.
26
Let s = -3323 + 3387. Calculate the greatest common factor of 344 and s.
8
Let t = 29869 - 27099. Calculate the highest common factor of t and 35.
5
Suppose -5 = -i + 9. Let a(b) = 5*b**2 - 15*b + 8. Let x be a(6). Suppose -z = -8*z + x. What is the greatest common divisor of i and z?
14
Let o = 4 - -14. Let v(k) = -2*k**3 - 42*k**2 - 77*k - 32. Let j be v(-19). Let q = j + o. Calculate the highest common factor of 2 and q.
1
Suppose 5*m + 8 = 3*t, -38*t + 40*t - 4*m - 2 = 0. What is the greatest common factor of 9801 and t?
11
Suppose -5*h = -1990 + 250. Let o be (-594)/(-231)*28/12. Calculate the highest common factor of h and o.
6
Suppose -5*t - 14 = -3*c, 53 - 51 = -c + 5*t. Calculate the greatest common factor of c and 3592.
8
Let y = -356 + 362. Suppose 27 + 6 = i. Suppose -l - i + 89 = -5*a, -2*a + 70 = l. Calculate the highest common divisor of l and y.
6
Let l = -31804 - -48905. What is the highest common divisor of l and 49?
49
Let a = 700 + -3380. Let y be 4/18 - a/90. Calculate the greatest common factor of y and 45.
15
Let j(k) = -174*k + 930. Let p be j(0). Calculate the greatest common divisor of p and 75.
15
Let g be ((-41)/(-82))/(1 + 262/(-260)). Let a = 69 + g. Calculate the highest common divisor of a and 20.
4
Let f be 865*2/16 - (-80)/(-640). Suppose 0*c = 4*c - 324. What is the greatest common factor of c and f?
27
Let o = 8446 - 8425. What is the highest common divisor of 11697 and o?
21
Let m(o) = -5*o**3 + 7*o**2 + 18*o + 10. Let x be m(-5). Calculate the highest common factor of 288 and x.
144
Let m = 7532 - 7056. What is the highest common divisor of 168 and m?
28
Suppose -4*i - 4 - 140 = 4*u, -4*u + 5*i = 180. Let h = u - -36. Let n be -2 + 83 + 16/h. What is the highest common divisor of n and 11?
11
Suppose 3*t - 332 = -m, -3*m = 2*t - 211 - 29. Calculate the highest common divisor of t and 2844.
36
Let t(f) = f**2 - f + 9. Let n be t(8). Let c(a) = -33*a + 607. Let w be c(18). What is the highest common divisor of n and w?
13
Suppose -618*x + 9885 = 615. Suppose 5*h - 5*b - 85 = -0*b, 4 = -2*b. What is the highest common divisor of h and x?
15
Suppose -5*t - 4*b + 32 = 0, -3*t - 10*b = -5*b - 27. Suppose 328 = t*z + 292. Calculate the highest common factor of z and 24.
3
Suppose 0 = y + 5*i + 54, -3*y = 2*y - 2*i + 135. Let h = -20 - y. Let l(b) = 27*b - 56. Let r be l(h). What is the greatest common factor of r and 17?
17
Let h(t) = 4*t**2 + 15*t - 16. Let w be h(-6). Let q be -5 + 17/3 - w/(-6). Calculate the greatest common divisor of 77 and q.
7
Let b be (-1 + 3/(-15))/(78/(-130)). Suppose 192 = 8*w - b*w. Calculate the greatest common factor of 352 and w.
32
Let z be (13 - 8)*(-3048)/(-40). Calculate the highest common factor of z and 12319.
127
Suppose -3*l = m - 5, 2*m - m - 2*l = 10. Suppose 90 = -16*p + 21*p. Suppose u = -2*a + p, 7*u - 3*a - 51 = 2*u. What is the highest common divisor of m and u?
4
Let m(d) be the third derivative of -d**5/60 + d**4/12 + 19*d**3 + 9*d**2 + 5. Let b be m(0). What is the greatest common divisor of 285 and b?
57
Suppose 0 = -d - 5*m - 4, -3*d = -5*d + 2*m + 4. Let f be (157 - d) + 10 + -10. Suppose f = 2*o - 286. Calculate the greatest common factor of 17 and o.
17
Let q = 1413 - 773. Let d be (50/(-8))/((-5)/q*2). What is the highest common divisor of d and 16?
16
Let o(j) = j**2 - 18*j + 48. Let v be o(3). Suppose -v*r - 5*z + 23 = 0, 3*r + 9*z - 20 = 7*z. Calculate the highest common factor of r and 45.
3
Let r = 3036 + -2775. Calculate the highest common divisor of 9 and r.
9
Let v = 12645 + -12591. Calculate the highest common factor of v and 19629.
27
Let m(n) = 2*n**3 + 8*n**2 - 26*n + 21. Let r be m(5). Calculate the greatest common factor of 88 and r.
11
Let m = -24474 - -38539. What is the greatest common divisor of 145 and m?
145
Let w(u) = 740*u - 783. Let p be w(14). What is the highest common divisor of p and 157?
157
Let x be (-2)/(-1) + 5 + (8330 - -13) - 0. Calculate the greatest common factor of 150 and x.
50
Let s = 249 - -115. Let j = -259 + s. What is the highest common divisor of j and 84?
21
Let b be (-42)/(-4)*(12 + -21 + 11). What is the highest common factor of b and 203?
7
Let y = 206 + -209. Let g be 5/(y - 2) - -118. What is the highest common divisor of g and 52?
13
Let u be 118*1/2 - (33 + -31). Let p(x) = x - 4. Let c be p(4). Suppose 3*i = -d + u, c*d + d = 0. Calculate the greatest common factor of 95 and i.
19
Suppose -2*a = -q - 15, -2*q + 45 = 5*a - 6*q. Suppose a*b = n + 117, -2*b = -n - 0 - 45. What is the greatest common divisor of 132 and b?
12
Let u = -55284 - -55469. Suppose -4 = 3*n + 5*f, -5*f = -4*n - f + 16. Suppose -l - n*l + 222 = 0. What is the highest common factor of l and u?
37
Suppose -37*i - o = -41*i + 12, -2*o = 4*i - 36. What is the greatest common divisor of i and 6080?
5
Suppose -8 = -g + 1. Let o = -269 - -442. Let q = -74 + o. What is the greatest common factor of q and g?
9
Suppose 4*i - 2459 = -3*d + 1481, 5254 = 4*d + 5*i. Calculate the highest common factor of d and 112.
28
Let h = 1161 + -917. What is the highest common divisor of 36 and h?
4
Let h = 61 + -40. Suppose -h*j + 198 = -18*j. Suppose 0 = 4*g - 62 + 38. Calculate the highest common factor of j and g.
6
Let o(m) = 6*m. Let c be o(2). Suppose 2*z + 4*l = 5*z + 2, 4*l = 5*z - 10. Calculate the greatest common divisor of z and c.
6
Let y = 19 - 16. Let r be 484/33*2*y. Let w(a) = -15*a + 38. Let d be w(2). Calculate the greatest common factor of d and r.
8
Let f(d) = -9*d**2 + d**2 + 13*d**2 + 11*d. Let v be f(-3). What is the greatest common divisor of 56 and v?
4
Let y = 11959 - 11149. What is the greatest common factor of y and 190?
10
Suppose -783 + 4002 = 19*z - 4856. Calculate the highest common factor of 340 and z.
85
Let i(l) = -l**2 - 58*l + 1056. Let h be i(13). What is the greatest common factor of h and 1022?
7
Let o(r) = -r**2 - 38*r - 346. Let h be o(-17). Calculate the highest common divisor of 12991 and h.
11
Let b(s) = -209 - 56*s - 38*s + 111*s. Let j be b(27). What is the highest common divisor of 10 and j?
10
Suppose 5*o = -2*m - 17, -3*o = -2*o + 3. Let v be m - 0 - (-357)/(-21). Let q be 78/(-2)*(